{"id":801,"date":"2026-04-16T12:59:07","date_gmt":"2026-04-16T10:59:07","guid":{"rendered":"https:\/\/millepathotel.com\/?page_id=801"},"modified":"2026-04-16T12:59:08","modified_gmt":"2026-04-16T10:59:08","slug":"mentions-legales","status":"publish","type":"page","link":"https:\/\/millepathotel.com\/index.php\/mentions-legales\/","title":{"rendered":"Mentions L\u00e9gales"},"content":{"rendered":"\n<h2 class=\"wp-block-heading has-white-color has-text-color has-background has-link-color has-medium-font-size wp-elements-687d005cf118b460641012e0f48d9878\" style=\"background-color:#003646\">MENTIONS L\u00c9GALES<\/h2>\n\n\n\n<p class=\"has-text-color has-link-color wp-elements-4a94b2fe581d544e5e0064ac23d0884e\" style=\"color:#003646\">Le pr\u00e9sent site internet est \u00e9dit\u00e9 par :<\/p>\n\n\n\n<p class=\"has-text-color has-link-color wp-elements-1839d10115f61cf4dda163e69f569015\" style=\"color:#003646\"><strong>MILLE PAT\u2019HOTEL<\/strong><br>SARL \u00e0 associ\u00e9 unique au capital de&nbsp;<strong>20 000 \u20ac<\/strong><br>Si\u00e8ge social :&nbsp;<strong>ZA des B\u00e2cheliers \u2013 85590 Les Epesses<\/strong><br>SIREN :&nbsp;<strong>833 743 487<\/strong><br>SIRET :&nbsp;<strong>833 743 487 00013<\/strong><br>RCS :&nbsp;<strong>La Roche-sur-Yon 833 743 487<\/strong><br>TVA intracommunautaire :&nbsp;<strong>FR16 833 743 487<\/strong><\/p>\n\n\n\n<p class=\"has-text-color has-link-color wp-elements-19caa7bd0f5582b60643497e07d603e4\" style=\"color:#003646\">Coordonn\u00e9es de contact :<br>T\u00e9l\u00e9phone :&nbsp;<strong>06 50 32 19 04<\/strong><br>E-mail :&nbsp;<strong>contact@millepathotel.com<\/strong><br>Site internet :&nbsp;<strong><a href=\"https:\/\/millepathotel.com\/\" target=\"_blank\" rel=\"noreferrer noopener\">https:\/\/millepathotel.com<\/a><\/strong><\/p>\n\n\n\n<p class=\"has-text-color has-link-color wp-elements-9917325ed54fee0aa9e7f26cd1579283\" style=\"color:#003646\">Adresse d\u2019accueil du public \/ site d\u2019exploitation :<br><strong>Rue du Champ Blanc \u2013 85590 Les Epesses<\/strong><\/p>\n\n\n\n<p class=\"has-text-color has-link-color wp-elements-9efc9a4a6ad4680d13a87031d5b8b4e0\" style=\"color:#003646\">Directeur \/ Directrice de la publication :<br><strong>[\u00c0 compl\u00e9ter]<\/strong><\/p>\n\n\n\n<p class=\"has-text-color has-link-color wp-elements-a8fd5e0ea355f3149d89ff7bd585091f\" style=\"color:#003646\">H\u00e9bergement du site :<br><strong>[Nom de l\u2019h\u00e9bergeur]<\/strong><br><strong>[Adresse de l\u2019h\u00e9bergeur]<\/strong><br><strong>[T\u00e9l\u00e9phone de l\u2019h\u00e9bergeur]<\/strong><\/p>\n\n\n\n<p class=\"has-text-color has-link-color wp-elements-2abea0b8a0f20aa3968165418525e970\" style=\"color:#003646\">Le site a pour objet de pr\u00e9senter les services propos\u00e9s par Mille Pat\u2019H\u00f4tel, notamment la pension animale, le toilettage, le dog wash et les activit\u00e9s ou espaces d\u00e9di\u00e9s au bien-\u00eatre animal.<\/p>\n\n\n\n<p class=\"has-text-color has-link-color wp-elements-d7bfcd76340b0fc484a78b1b90d702b0\" style=\"color:#003646\">Mille Pat\u2019H\u00f4tel s\u2019efforce d\u2019assurer au mieux l\u2019exactitude et la mise \u00e0 jour des informations diffus\u00e9es sur ce site. Toutefois, l\u2019entreprise ne saurait \u00eatre tenue responsable des omissions, inexactitudes ou carences dans la mise \u00e0 jour, qu\u2019elles soient de son fait ou du fait des tiers partenaires qui lui fournissent ces informations.<\/p>\n\n\n\n<p class=\"has-text-color has-link-color wp-elements-3e304f93d8f2423b21b43fdf443eae97\" style=\"color:#003646\">L\u2019ensemble des contenus pr\u00e9sents sur ce site, incluant notamment les textes, photographies, visuels, illustrations, logos, \u00e9l\u00e9ments graphiques, vid\u00e9os et mise en page, est prot\u00e9g\u00e9 par le droit de la propri\u00e9t\u00e9 intellectuelle. Toute reproduction, repr\u00e9sentation, diffusion, adaptation ou exploitation, totale ou partielle, de tout \u00e9l\u00e9ment du site, sans autorisation \u00e9crite pr\u00e9alable, est interdite.<\/p>\n\n\n\n<p class=\"has-text-color has-link-color wp-elements-363819633b842f4e23efbb3486350e41\" style=\"color:#003646\">Les liens hypertextes pr\u00e9sents sur le site peuvent renvoyer vers des sites tiers. Mille Pat\u2019H\u00f4tel ne peut \u00eatre tenue responsable du contenu, du fonctionnement ou des pratiques de ces sites externes.<\/p>\n\n\n\n<p class=\"has-text-color has-link-color wp-elements-6ee5fd596d2f222329f2f0c867c7b22a\" style=\"color:#003646\">L\u2019utilisateur du site reconna\u00eet disposer de la comp\u00e9tence et des moyens n\u00e9cessaires pour acc\u00e9der et utiliser le site. L\u2019utilisation du site implique l\u2019acceptation pleine et enti\u00e8re des pr\u00e9sentes mentions l\u00e9gales.<\/p>\n\n\n\n<p class=\"has-text-color has-link-color wp-elements-38891a16da38b84f6cf8d8bcaef44b14\" style=\"color:#003646\"><\/p>\n\n\n\n<p><\/p>\n\n\n\n<p class=\"has-small-font-size\"><\/p>\n","protected":false},"excerpt":{"rendered":"<p>MENTIONS L\u00c9GALES Le pr\u00e9sent site internet est \u00e9dit\u00e9 par : MILLE PAT\u2019HOTELSARL \u00e0 associ\u00e9 unique au capital de&nbsp;20 000 \u20acSi\u00e8ge social :&nbsp;ZA des B\u00e2cheliers \u2013 85590 Les EpessesSIREN :&nbsp;833 743 487SIRET :&nbsp;833 743 487 00013RCS :&nbsp;La Roche-sur-Yon 833 743 487TVA<\/p>\n","protected":false},"author":2,"featured_media":0,"parent":0,"menu_order":0,"comment_status":"closed","ping_status":"closed","template":"","meta":{"footnotes":""},"class_list":["post-801","page","type-page","status-publish","hentry"],"yoast_head":"<!-- This site is optimized with the Yoast SEO plugin v27.4 - https:\/\/yoast.com\/product\/yoast-seo-wordpress\/ -->\n<title>Mentions L\u00e9gales - Mille Pat&#039;H\u00f4tel<\/title>\n<meta name=\"robots\" content=\"index, follow, max-snippet:-1, max-image-preview:large, max-video-preview:-1\" \/>\n<link rel=\"canonical\" href=\"https:\/\/millepathotel.com\/index.php\/mentions-legales\/\" \/>\n<meta property=\"og:locale\" content=\"fr_FR\" \/>\n<meta property=\"og:type\" content=\"article\" \/>\n<meta property=\"og:title\" content=\"Mentions L\u00e9gales - Mille Pat&#039;H\u00f4tel\" \/>\n<meta property=\"og:description\" content=\"MENTIONS L\u00c9GALES Le pr\u00e9sent site internet est \u00e9dit\u00e9 par : MILLE PAT\u2019HOTELSARL \u00e0 associ\u00e9 unique au capital de&nbsp;20 000 \u20acSi\u00e8ge social :&nbsp;ZA des B\u00e2cheliers \u2013 85590 Les EpessesSIREN :&nbsp;833 743 487SIRET :&nbsp;833 743 487 00013RCS :&nbsp;La Roche-sur-Yon 833 743 487TVA\" \/>\n<meta property=\"og:url\" content=\"https:\/\/millepathotel.com\/index.php\/mentions-legales\/\" \/>\n<meta property=\"og:site_name\" content=\"Mille Pat&#039;H\u00f4tel\" \/>\n<meta property=\"article:modified_time\" content=\"2026-04-16T10:59:08+00:00\" \/>\n<meta name=\"twitter:card\" content=\"summary_large_image\" \/>\n<meta name=\"twitter:label1\" content=\"Dur\u00e9e de lecture estim\u00e9e\" \/>\n\t<meta name=\"twitter:data1\" content=\"2 minutes\" \/>\n<script type=\"application\/ld+json\" class=\"yoast-schema-graph\">{\"@context\":\"https:\\\/\\\/schema.org\",\"@graph\":[{\"@type\":\"WebPage\",\"@id\":\"https:\\\/\\\/millepathotel.com\\\/index.php\\\/mentions-legales\\\/\",\"url\":\"https:\\\/\\\/millepathotel.com\\\/index.php\\\/mentions-legales\\\/\",\"name\":\"Mentions L\u00e9gales - Mille Pat&#039;H\u00f4tel\",\"isPartOf\":{\"@id\":\"https:\\\/\\\/millepathotel.com\\\/#website\"},\"datePublished\":\"2026-04-16T10:59:07+00:00\",\"dateModified\":\"2026-04-16T10:59:08+00:00\",\"breadcrumb\":{\"@id\":\"https:\\\/\\\/millepathotel.com\\\/index.php\\\/mentions-legales\\\/#breadcrumb\"},\"inLanguage\":\"fr-FR\",\"potentialAction\":[{\"@type\":\"ReadAction\",\"target\":[\"https:\\\/\\\/millepathotel.com\\\/index.php\\\/mentions-legales\\\/\"]}]},{\"@type\":\"BreadcrumbList\",\"@id\":\"https:\\\/\\\/millepathotel.com\\\/index.php\\\/mentions-legales\\\/#breadcrumb\",\"itemListElement\":[{\"@type\":\"ListItem\",\"position\":1,\"name\":\"Accueil\",\"item\":\"https:\\\/\\\/millepathotel.com\\\/\"},{\"@type\":\"ListItem\",\"position\":2,\"name\":\"Mentions L\u00e9gales\"}]},{\"@type\":\"WebSite\",\"@id\":\"https:\\\/\\\/millepathotel.com\\\/#website\",\"url\":\"https:\\\/\\\/millepathotel.com\\\/\",\"name\":\"Mille Pat&#039;H\u00f4tel\",\"description\":\"Pension canine et f\u00e9line en vend\u00e9e, \u00e0 5mn du Puy du Fou\",\"publisher\":{\"@id\":\"https:\\\/\\\/millepathotel.com\\\/#organization\"},\"potentialAction\":[{\"@type\":\"SearchAction\",\"target\":{\"@type\":\"EntryPoint\",\"urlTemplate\":\"https:\\\/\\\/millepathotel.com\\\/?s={search_term_string}\"},\"query-input\":{\"@type\":\"PropertyValueSpecification\",\"valueRequired\":true,\"valueName\":\"search_term_string\"}}],\"inLanguage\":\"fr-FR\"},{\"@type\":\"Organization\",\"@id\":\"https:\\\/\\\/millepathotel.com\\\/#organization\",\"name\":\"Mille Pat&#039;H\u00f4tel\",\"url\":\"https:\\\/\\\/millepathotel.com\\\/\",\"logo\":{\"@type\":\"ImageObject\",\"inLanguage\":\"fr-FR\",\"@id\":\"https:\\\/\\\/millepathotel.com\\\/#\\\/schema\\\/logo\\\/image\\\/\",\"url\":\"https:\\\/\\\/millepathotel.com\\\/wp-content\\\/uploads\\\/2025\\\/10\\\/cropped-MPH-Logo-RVB.png\",\"contentUrl\":\"https:\\\/\\\/millepathotel.com\\\/wp-content\\\/uploads\\\/2025\\\/10\\\/cropped-MPH-Logo-RVB.png\",\"width\":2478,\"height\":622,\"caption\":\"Mille Pat&#039;H\u00f4tel\"},\"image\":{\"@id\":\"https:\\\/\\\/millepathotel.com\\\/#\\\/schema\\\/logo\\\/image\\\/\"}}]}<\/script>\n<!-- \/ Yoast SEO plugin. -->","yoast_head_json":{"title":"Mentions L\u00e9gales - Mille Pat&#039;H\u00f4tel","robots":{"index":"index","follow":"follow","max-snippet":"max-snippet:-1","max-image-preview":"max-image-preview:large","max-video-preview":"max-video-preview:-1"},"canonical":"https:\/\/millepathotel.com\/index.php\/mentions-legales\/","og_locale":"fr_FR","og_type":"article","og_title":"Mentions L\u00e9gales - Mille Pat&#039;H\u00f4tel","og_description":"MENTIONS L\u00c9GALES Le pr\u00e9sent site internet est \u00e9dit\u00e9 par : MILLE PAT\u2019HOTELSARL \u00e0 associ\u00e9 unique au capital de&nbsp;20 000 \u20acSi\u00e8ge social :&nbsp;ZA des B\u00e2cheliers \u2013 85590 Les EpessesSIREN :&nbsp;833 743 487SIRET :&nbsp;833 743 487 00013RCS :&nbsp;La Roche-sur-Yon 833 743 487TVA","og_url":"https:\/\/millepathotel.com\/index.php\/mentions-legales\/","og_site_name":"Mille Pat&#039;H\u00f4tel","article_modified_time":"2026-04-16T10:59:08+00:00","twitter_card":"summary_large_image","twitter_misc":{"Dur\u00e9e de lecture estim\u00e9e":"2 minutes"},"schema":{"@context":"https:\/\/schema.org","@graph":[{"@type":"WebPage","@id":"https:\/\/millepathotel.com\/index.php\/mentions-legales\/","url":"https:\/\/millepathotel.com\/index.php\/mentions-legales\/","name":"Mentions L\u00e9gales - Mille Pat&#039;H\u00f4tel","isPartOf":{"@id":"https:\/\/millepathotel.com\/#website"},"datePublished":"2026-04-16T10:59:07+00:00","dateModified":"2026-04-16T10:59:08+00:00","breadcrumb":{"@id":"https:\/\/millepathotel.com\/index.php\/mentions-legales\/#breadcrumb"},"inLanguage":"fr-FR","potentialAction":[{"@type":"ReadAction","target":["https:\/\/millepathotel.com\/index.php\/mentions-legales\/"]}]},{"@type":"BreadcrumbList","@id":"https:\/\/millepathotel.com\/index.php\/mentions-legales\/#breadcrumb","itemListElement":[{"@type":"ListItem","position":1,"name":"Accueil","item":"https:\/\/millepathotel.com\/"},{"@type":"ListItem","position":2,"name":"Mentions L\u00e9gales"}]},{"@type":"WebSite","@id":"https:\/\/millepathotel.com\/#website","url":"https:\/\/millepathotel.com\/","name":"Mille Pat&#039;H\u00f4tel","description":"Pension canine et f\u00e9line en vend\u00e9e, \u00e0 5mn du Puy du Fou","publisher":{"@id":"https:\/\/millepathotel.com\/#organization"},"potentialAction":[{"@type":"SearchAction","target":{"@type":"EntryPoint","urlTemplate":"https:\/\/millepathotel.com\/?s={search_term_string}"},"query-input":{"@type":"PropertyValueSpecification","valueRequired":true,"valueName":"search_term_string"}}],"inLanguage":"fr-FR"},{"@type":"Organization","@id":"https:\/\/millepathotel.com\/#organization","name":"Mille Pat&#039;H\u00f4tel","url":"https:\/\/millepathotel.com\/","logo":{"@type":"ImageObject","inLanguage":"fr-FR","@id":"https:\/\/millepathotel.com\/#\/schema\/logo\/image\/","url":"https:\/\/millepathotel.com\/wp-content\/uploads\/2025\/10\/cropped-MPH-Logo-RVB.png","contentUrl":"https:\/\/millepathotel.com\/wp-content\/uploads\/2025\/10\/cropped-MPH-Logo-RVB.png","width":2478,"height":622,"caption":"Mille Pat&#039;H\u00f4tel"},"image":{"@id":"https:\/\/millepathotel.com\/#\/schema\/logo\/image\/"}}]}},"_links":{"self":[{"href":"https:\/\/millepathotel.com\/index.php\/wp-json\/wp\/v2\/pages\/801","targetHints":{"allow":["GET"]}}],"collection":[{"href":"https:\/\/millepathotel.com\/index.php\/wp-json\/wp\/v2\/pages"}],"about":[{"href":"https:\/\/millepathotel.com\/index.php\/wp-json\/wp\/v2\/types\/page"}],"author":[{"embeddable":true,"href":"https:\/\/millepathotel.com\/index.php\/wp-json\/wp\/v2\/users\/2"}],"replies":[{"embeddable":true,"href":"https:\/\/millepathotel.com\/index.php\/wp-json\/wp\/v2\/comments?post=801"}],"version-history":[{"count":5,"href":"https:\/\/millepathotel.com\/index.php\/wp-json\/wp\/v2\/pages\/801\/revisions"}],"predecessor-version":[{"id":806,"href":"https:\/\/millepathotel.com\/index.php\/wp-json\/wp\/v2\/pages\/801\/revisions\/806"}],"wp:attachment":[{"href":"https:\/\/millepathotel.com\/index.php\/wp-json\/wp\/v2\/media?parent=801"}],"curies":[{"name":"wp","href":"https:\/\/api.w.org\/{rel}","templated":true}]}}