{"id":488,"date":"2025-10-28T11:57:31","date_gmt":"2025-10-28T10:57:31","guid":{"rendered":"https:\/\/millepathotel.com\/?page_id=488"},"modified":"2025-10-28T12:11:43","modified_gmt":"2025-10-28T11:11:43","slug":"pension-feline-copie","status":"publish","type":"page","link":"https:\/\/millepathotel.com\/index.php\/pension-feline-copie\/","title":{"rendered":"Pension autres"},"content":{"rendered":"\t\t<div data-elementor-type=\"wp-page\" data-elementor-id=\"488\" class=\"elementor elementor-488\" data-elementor-post-type=\"page\">\n\t\t\t\t<div class=\"elementor-element elementor-element-188e84d3 e-flex e-con-boxed e-con e-parent\" data-id=\"188e84d3\" data-element_type=\"container\" data-e-type=\"container\">\n\t\t\t\t\t<div class=\"e-con-inner\">\n\t\t\t\t<div class=\"elementor-element elementor-element-b4b5754 elementor-widget elementor-widget-text-editor\" data-id=\"b4b5754\" data-element_type=\"widget\" data-e-type=\"widget\" data-widget_type=\"text-editor.default\">\n\t\t\t\t\t\t\t\t\t<h1 class=\"wp-block-heading has-text-align-center has-luminous-vivid-amber-color has-text-color has-link-color\" style=\"font-size: 35px; font-style: normal; font-weight: 200; letter-spacing: 3px; text-transform: uppercase;\">| PENSION des autres animaux |<\/h1>\n<p><!-- \/wp:heading --><!-- wp:paragraph --><\/p>\n<p>Chez Mille Pat\u2019H\u00f4tel, nous accueillons aussi vos petits compagnons : rongeurs, oiseaux, furets\u2026 et bien d\u2019autres !<\/p>\n<p><!-- \/wp:paragraph --><!-- wp:group {\"layout\":{\"type\":\"flex\",\"flexWrap\":\"nowrap\"}} --><\/p>\n<div class=\"wp-block-group\"><br \/>\n<p><!-- wp:image {\"id\":330,\"width\":\"743px\",\"height\":\"auto\",\"aspectRatio\":\"16\/9\",\"scale\":\"cover\",\"sizeSlug\":\"large\",\"linkDestination\":\"none\",\"className\":\"is-style-default\",\"style\":{\"spacing\":{\"margin\":{\"top\":\"0\",\"bottom\":\"0\"}},\"layout\":{\"selfStretch\":\"fill\",\"flexSize\":null},\"border\":{\"width\":\"0px\",\"style\":\"none\",\"radius\":\"10px\"},\"color\":{\"duotone\":\"unset\"}}} --><\/p>\n<br \/>\n<figure class=\"wp-block-image size-large is-resized has-custom-border is-style-default\" style=\"margin-top: 0; margin-bottom: 0;\"><img fetchpriority=\"high\" decoding=\"async\" class=\"alignnone wp-image-284 size-large\" style=\"border-style: none; border-width: 0px; border-radius: 10px; aspect-ratio: 16\/9; object-fit: cover; width: 743px; height: auto;\" src=\"https:\/\/millepathotel.com\/wp-content\/uploads\/2023\/12\/IMG_20220814_172704-768x1024.jpg\" alt=\"\" width=\"750\" height=\"1000\" srcset=\"https:\/\/millepathotel.com\/wp-content\/uploads\/2023\/12\/IMG_20220814_172704-768x1024.jpg 768w, https:\/\/millepathotel.com\/wp-content\/uploads\/2023\/12\/IMG_20220814_172704-225x300.jpg 225w\" sizes=\"(max-width: 767px) 100vw, 750px\" \/><\/figure>\n<\/div>\n<p>\u00a0<\/p>\n<h2 class=\"wp-block-heading\" style=\"font-size: 25px; font-style: normal; font-weight: 200; letter-spacing: 8px; text-transform: uppercase;\">RONGEURS ET LAPINs<\/h2>\n<p><!-- \/wp:heading --><!-- wp:list --><\/p>\n<ul>\n<li><span style=\"font-size: 15px; text-align: var(--text-align);\">Log\u00e9s dans de grands boxes (1 m x 1,5 m).<\/span><\/li>\n<li>Liti\u00e8re (paille ou copeaux) et foin fournis par la pension.<\/li>\n<li>Alimentation habituelle \u00e0 apporter (frigo disponible pour l\u00e9gumes).<\/li>\n<li>Conseil : pour les lapins, vaccination recommand\u00e9e contre la myxomatose et le VHD.<\/li>\n<li>(La pension ne peut \u00eatre tenue responsable en cas de maladie).<\/li>\n<\/ul>\n<p>\u00a0<\/p>\n<h2><img decoding=\"async\" class=\"alignnone wp-image-225 size-large\" style=\"border-style: none; border-width: 0px; border-radius: 10px; aspect-ratio: 16\/9; object-fit: cover; width: 743px; height: auto;\" src=\"https:\/\/millepathotel.com\/wp-content\/uploads\/2020\/02\/IMG_20191230_195219-768x1024.jpg\" alt=\"\" width=\"750\" height=\"1000\" srcset=\"https:\/\/millepathotel.com\/wp-content\/uploads\/2020\/02\/IMG_20191230_195219-768x1024.jpg 768w, https:\/\/millepathotel.com\/wp-content\/uploads\/2020\/02\/IMG_20191230_195219-225x300.jpg 225w, https:\/\/millepathotel.com\/wp-content\/uploads\/2020\/02\/IMG_20191230_195219.jpg 1944w\" sizes=\"(max-width: 767px) 100vw, 750px\" \/><\/h2>\n<h2 class=\"wp-block-heading\" style=\"font-size: 25px; font-style: normal; font-weight: 200; letter-spacing: 8px; text-transform: uppercase;\">OISEAUX<\/h2>\n<ul>\n<li>2 voli\u00e8res spacieuses (2 m x 1 m) disponibles.<\/li>\n<\/ul>\n<h2 class=\"wp-block-heading\" style=\"font-size: 25px; font-style: normal; font-weight: 200; letter-spacing: 8px; text-transform: uppercase;\">FURETS<\/h2>\n<ul>\n<li>Identification et vaccins obligatoires.<\/li>\n<li>Arriv\u00e9e avec leur propre cage et alimentation.<\/li>\n<\/ul>\n<h2 class=\"wp-block-heading\" style=\"font-size: 25px; font-style: normal; font-weight: 200; letter-spacing: 8px; text-transform: uppercase;\">autres animaux<\/h2>\n<p>Vous avez un compagnon diff\u00e9rent ? Contactez-nous, nous trouverons ensemble la meilleure solution.<\/p>\n<ul class=\"wp-block-list\">\n<li style=\"list-style-type: none;\">\u00a0<\/li>\n<\/ul>\n<p><!-- \/wp:list-item --><\/p>\n<p>\u00a0<\/p>\n<p><!-- \/wp:list --><\/p>\t\t\t\t\t\t\t\t<\/div>\n\t\t\t\t\t<\/div>\n\t\t\t\t<\/div>\n\t\t\t\t<\/div>\n\t\t","protected":false},"excerpt":{"rendered":"<p>| PENSION des autres animaux | Chez Mille Pat\u2019H\u00f4tel, nous accueillons aussi vos petits compagnons : rongeurs, oiseaux, furets\u2026 et bien d\u2019autres ! \u00a0 RONGEURS ET LAPINs Log\u00e9s dans de grands boxes (1 m x 1,5 m). Liti\u00e8re (paille ou<\/p>\n","protected":false},"author":2,"featured_media":330,"parent":0,"menu_order":0,"comment_status":"closed","ping_status":"closed","template":"","meta":{"footnotes":""},"class_list":["post-488","page","type-page","status-publish","has-post-thumbnail","hentry"],"yoast_head":"<!-- This site is optimized with the Yoast SEO plugin v27.5 - https:\/\/yoast.com\/product\/yoast-seo-wordpress\/ -->\n<title>Pension autres - Mille Pat&#039;H\u00f4tel<\/title>\n<meta name=\"robots\" content=\"index, follow, max-snippet:-1, max-image-preview:large, max-video-preview:-1\" \/>\n<link rel=\"canonical\" href=\"https:\/\/millepathotel.com\/index.php\/pension-feline-copie\/\" \/>\n<meta property=\"og:locale\" content=\"fr_FR\" \/>\n<meta property=\"og:type\" content=\"article\" \/>\n<meta property=\"og:title\" content=\"Pension autres - Mille Pat&#039;H\u00f4tel\" \/>\n<meta property=\"og:description\" content=\"| PENSION des autres animaux | Chez Mille Pat\u2019H\u00f4tel, nous accueillons aussi vos petits compagnons : rongeurs, oiseaux, furets\u2026 et bien d\u2019autres ! \u00a0 RONGEURS ET LAPINs Log\u00e9s dans de grands boxes (1 m x 1,5 m). Liti\u00e8re (paille ou\" \/>\n<meta property=\"og:url\" content=\"https:\/\/millepathotel.com\/index.php\/pension-feline-copie\/\" \/>\n<meta property=\"og:site_name\" content=\"Mille Pat&#039;H\u00f4tel\" \/>\n<meta property=\"article:modified_time\" content=\"2025-10-28T11:11:43+00:00\" \/>\n<meta property=\"og:image\" content=\"https:\/\/millepathotel.com\/wp-content\/uploads\/2025\/10\/IMG_20250430_194723721-scaled.jpg\" \/>\n\t<meta property=\"og:image:width\" content=\"2560\" \/>\n\t<meta property=\"og:image:height\" content=\"1920\" \/>\n\t<meta property=\"og:image:type\" content=\"image\/jpeg\" \/>\n<meta name=\"twitter:card\" content=\"summary_large_image\" \/>\n<meta name=\"twitter:label1\" content=\"Dur\u00e9e de lecture estim\u00e9e\" \/>\n\t<meta name=\"twitter:data1\" content=\"1 minute\" \/>\n<script type=\"application\/ld+json\" class=\"yoast-schema-graph\">{\"@context\":\"https:\\\/\\\/schema.org\",\"@graph\":[{\"@type\":\"WebPage\",\"@id\":\"https:\\\/\\\/millepathotel.com\\\/index.php\\\/pension-feline-copie\\\/\",\"url\":\"https:\\\/\\\/millepathotel.com\\\/index.php\\\/pension-feline-copie\\\/\",\"name\":\"Pension autres - Mille Pat&#039;H\u00f4tel\",\"isPartOf\":{\"@id\":\"https:\\\/\\\/millepathotel.com\\\/#website\"},\"primaryImageOfPage\":{\"@id\":\"https:\\\/\\\/millepathotel.com\\\/index.php\\\/pension-feline-copie\\\/#primaryimage\"},\"image\":{\"@id\":\"https:\\\/\\\/millepathotel.com\\\/index.php\\\/pension-feline-copie\\\/#primaryimage\"},\"thumbnailUrl\":\"https:\\\/\\\/millepathotel.com\\\/wp-content\\\/uploads\\\/2025\\\/10\\\/IMG_20250430_194723721-scaled.jpg\",\"datePublished\":\"2025-10-28T10:57:31+00:00\",\"dateModified\":\"2025-10-28T11:11:43+00:00\",\"breadcrumb\":{\"@id\":\"https:\\\/\\\/millepathotel.com\\\/index.php\\\/pension-feline-copie\\\/#breadcrumb\"},\"inLanguage\":\"fr-FR\",\"potentialAction\":[{\"@type\":\"ReadAction\",\"target\":[\"https:\\\/\\\/millepathotel.com\\\/index.php\\\/pension-feline-copie\\\/\"]}]},{\"@type\":\"ImageObject\",\"inLanguage\":\"fr-FR\",\"@id\":\"https:\\\/\\\/millepathotel.com\\\/index.php\\\/pension-feline-copie\\\/#primaryimage\",\"url\":\"https:\\\/\\\/millepathotel.com\\\/wp-content\\\/uploads\\\/2025\\\/10\\\/IMG_20250430_194723721-scaled.jpg\",\"contentUrl\":\"https:\\\/\\\/millepathotel.com\\\/wp-content\\\/uploads\\\/2025\\\/10\\\/IMG_20250430_194723721-scaled.jpg\",\"width\":2560,\"height\":1920},{\"@type\":\"BreadcrumbList\",\"@id\":\"https:\\\/\\\/millepathotel.com\\\/index.php\\\/pension-feline-copie\\\/#breadcrumb\",\"itemListElement\":[{\"@type\":\"ListItem\",\"position\":1,\"name\":\"Accueil\",\"item\":\"https:\\\/\\\/millepathotel.com\\\/\"},{\"@type\":\"ListItem\",\"position\":2,\"name\":\"Pension autres\"}]},{\"@type\":\"WebSite\",\"@id\":\"https:\\\/\\\/millepathotel.com\\\/#website\",\"url\":\"https:\\\/\\\/millepathotel.com\\\/\",\"name\":\"Mille Pat&#039;H\u00f4tel\",\"description\":\"Pension canine et f\u00e9line en vend\u00e9e, \u00e0 5mn du Puy du Fou\",\"publisher\":{\"@id\":\"https:\\\/\\\/millepathotel.com\\\/#organization\"},\"potentialAction\":[{\"@type\":\"SearchAction\",\"target\":{\"@type\":\"EntryPoint\",\"urlTemplate\":\"https:\\\/\\\/millepathotel.com\\\/?s={search_term_string}\"},\"query-input\":{\"@type\":\"PropertyValueSpecification\",\"valueRequired\":true,\"valueName\":\"search_term_string\"}}],\"inLanguage\":\"fr-FR\"},{\"@type\":\"Organization\",\"@id\":\"https:\\\/\\\/millepathotel.com\\\/#organization\",\"name\":\"Mille Pat&#039;H\u00f4tel\",\"url\":\"https:\\\/\\\/millepathotel.com\\\/\",\"logo\":{\"@type\":\"ImageObject\",\"inLanguage\":\"fr-FR\",\"@id\":\"https:\\\/\\\/millepathotel.com\\\/#\\\/schema\\\/logo\\\/image\\\/\",\"url\":\"https:\\\/\\\/millepathotel.com\\\/wp-content\\\/uploads\\\/2025\\\/10\\\/cropped-MPH-Logo-RVB.png\",\"contentUrl\":\"https:\\\/\\\/millepathotel.com\\\/wp-content\\\/uploads\\\/2025\\\/10\\\/cropped-MPH-Logo-RVB.png\",\"width\":2478,\"height\":622,\"caption\":\"Mille Pat&#039;H\u00f4tel\"},\"image\":{\"@id\":\"https:\\\/\\\/millepathotel.com\\\/#\\\/schema\\\/logo\\\/image\\\/\"}}]}<\/script>\n<!-- \/ Yoast SEO plugin. -->","yoast_head_json":{"title":"Pension autres - Mille Pat&#039;H\u00f4tel","robots":{"index":"index","follow":"follow","max-snippet":"max-snippet:-1","max-image-preview":"max-image-preview:large","max-video-preview":"max-video-preview:-1"},"canonical":"https:\/\/millepathotel.com\/index.php\/pension-feline-copie\/","og_locale":"fr_FR","og_type":"article","og_title":"Pension autres - Mille Pat&#039;H\u00f4tel","og_description":"| PENSION des autres animaux | Chez Mille Pat\u2019H\u00f4tel, nous accueillons aussi vos petits compagnons : rongeurs, oiseaux, furets\u2026 et bien d\u2019autres ! \u00a0 RONGEURS ET LAPINs Log\u00e9s dans de grands boxes (1 m x 1,5 m). Liti\u00e8re (paille ou","og_url":"https:\/\/millepathotel.com\/index.php\/pension-feline-copie\/","og_site_name":"Mille Pat&#039;H\u00f4tel","article_modified_time":"2025-10-28T11:11:43+00:00","og_image":[{"width":2560,"height":1920,"url":"https:\/\/millepathotel.com\/wp-content\/uploads\/2025\/10\/IMG_20250430_194723721-scaled.jpg","type":"image\/jpeg"}],"twitter_card":"summary_large_image","twitter_misc":{"Dur\u00e9e de lecture estim\u00e9e":"1 minute"},"schema":{"@context":"https:\/\/schema.org","@graph":[{"@type":"WebPage","@id":"https:\/\/millepathotel.com\/index.php\/pension-feline-copie\/","url":"https:\/\/millepathotel.com\/index.php\/pension-feline-copie\/","name":"Pension autres - Mille Pat&#039;H\u00f4tel","isPartOf":{"@id":"https:\/\/millepathotel.com\/#website"},"primaryImageOfPage":{"@id":"https:\/\/millepathotel.com\/index.php\/pension-feline-copie\/#primaryimage"},"image":{"@id":"https:\/\/millepathotel.com\/index.php\/pension-feline-copie\/#primaryimage"},"thumbnailUrl":"https:\/\/millepathotel.com\/wp-content\/uploads\/2025\/10\/IMG_20250430_194723721-scaled.jpg","datePublished":"2025-10-28T10:57:31+00:00","dateModified":"2025-10-28T11:11:43+00:00","breadcrumb":{"@id":"https:\/\/millepathotel.com\/index.php\/pension-feline-copie\/#breadcrumb"},"inLanguage":"fr-FR","potentialAction":[{"@type":"ReadAction","target":["https:\/\/millepathotel.com\/index.php\/pension-feline-copie\/"]}]},{"@type":"ImageObject","inLanguage":"fr-FR","@id":"https:\/\/millepathotel.com\/index.php\/pension-feline-copie\/#primaryimage","url":"https:\/\/millepathotel.com\/wp-content\/uploads\/2025\/10\/IMG_20250430_194723721-scaled.jpg","contentUrl":"https:\/\/millepathotel.com\/wp-content\/uploads\/2025\/10\/IMG_20250430_194723721-scaled.jpg","width":2560,"height":1920},{"@type":"BreadcrumbList","@id":"https:\/\/millepathotel.com\/index.php\/pension-feline-copie\/#breadcrumb","itemListElement":[{"@type":"ListItem","position":1,"name":"Accueil","item":"https:\/\/millepathotel.com\/"},{"@type":"ListItem","position":2,"name":"Pension autres"}]},{"@type":"WebSite","@id":"https:\/\/millepathotel.com\/#website","url":"https:\/\/millepathotel.com\/","name":"Mille Pat&#039;H\u00f4tel","description":"Pension canine et f\u00e9line en vend\u00e9e, \u00e0 5mn du Puy du Fou","publisher":{"@id":"https:\/\/millepathotel.com\/#organization"},"potentialAction":[{"@type":"SearchAction","target":{"@type":"EntryPoint","urlTemplate":"https:\/\/millepathotel.com\/?s={search_term_string}"},"query-input":{"@type":"PropertyValueSpecification","valueRequired":true,"valueName":"search_term_string"}}],"inLanguage":"fr-FR"},{"@type":"Organization","@id":"https:\/\/millepathotel.com\/#organization","name":"Mille Pat&#039;H\u00f4tel","url":"https:\/\/millepathotel.com\/","logo":{"@type":"ImageObject","inLanguage":"fr-FR","@id":"https:\/\/millepathotel.com\/#\/schema\/logo\/image\/","url":"https:\/\/millepathotel.com\/wp-content\/uploads\/2025\/10\/cropped-MPH-Logo-RVB.png","contentUrl":"https:\/\/millepathotel.com\/wp-content\/uploads\/2025\/10\/cropped-MPH-Logo-RVB.png","width":2478,"height":622,"caption":"Mille Pat&#039;H\u00f4tel"},"image":{"@id":"https:\/\/millepathotel.com\/#\/schema\/logo\/image\/"}}]}},"_links":{"self":[{"href":"https:\/\/millepathotel.com\/index.php\/wp-json\/wp\/v2\/pages\/488","targetHints":{"allow":["GET"]}}],"collection":[{"href":"https:\/\/millepathotel.com\/index.php\/wp-json\/wp\/v2\/pages"}],"about":[{"href":"https:\/\/millepathotel.com\/index.php\/wp-json\/wp\/v2\/types\/page"}],"author":[{"embeddable":true,"href":"https:\/\/millepathotel.com\/index.php\/wp-json\/wp\/v2\/users\/2"}],"replies":[{"embeddable":true,"href":"https:\/\/millepathotel.com\/index.php\/wp-json\/wp\/v2\/comments?post=488"}],"version-history":[{"count":5,"href":"https:\/\/millepathotel.com\/index.php\/wp-json\/wp\/v2\/pages\/488\/revisions"}],"predecessor-version":[{"id":498,"href":"https:\/\/millepathotel.com\/index.php\/wp-json\/wp\/v2\/pages\/488\/revisions\/498"}],"wp:featuredmedia":[{"embeddable":true,"href":"https:\/\/millepathotel.com\/index.php\/wp-json\/wp\/v2\/media\/330"}],"wp:attachment":[{"href":"https:\/\/millepathotel.com\/index.php\/wp-json\/wp\/v2\/media?parent=488"}],"curies":[{"name":"wp","href":"https:\/\/api.w.org\/{rel}","templated":true}]}}